64?
False
Is 264652 a multiple of 72?
False
Is 631359 a multiple of 369?
True
Is 14 a factor of 553660?
False
Is 22769 a multiple of 2?
False
Is 211048 a multiple of 248?
True
Is 671867 a multiple of 13?
False
Is 1098860 a multiple of 329?
True
Does 203 divide 1401918?
True
Is 16 a factor of 235925?
False
Is 14 a factor of 181202?
True
Is 4 a factor of 539110?
False
Is 62152 a multiple of 17?
True
Is 6 a factor of 47071?
False
Is 54 a factor of 659571?
False
Does 5 divide 53279?
False
Is 94489 a multiple of 14?
False
Does 34 divide 60520?
True
Is 16 a factor of 7721056?
True
Is 9004316 a multiple of 388?
True
Does 410 divide 605400?
False
Does 1906 divide 17506610?
True
Does 196 divide 118972?
True
Is 24 a factor of 13507728?
True
Is 1251771 a multiple of 576?
False
Is 11 a factor of 1160436?
False
Does 145 divide 232738?
False
Does 16 divide 4918601?
False
Does 108 divide 1777221?
False
Is 72 a factor of 124056?
True
Is 685 a factor of 10094160?
True
Does 142 divide 122079?
False
Is 303182 a multiple of 11?
True
Is 200025 a multiple of 25?
True
Is 2985370 a multiple of 578?
True
Does 3 divide 308902?
False
Does 1132 divide 16204580?
True
Is 3546818 a multiple of 15?
False
Does 166 divide 401056?
True
Is 53 a factor of 4726190?
False
Is 4786622 a multiple of 19?
False
Does 584 divide 3634691?
False
Is 123 a factor of 78105?
True
Is 345284 a multiple of 37?
True
Is 184 a factor of 727482?
False
Is 220320 a multiple of 102?
True
Is 25920290 a multiple of 10?
True
Is 61 a factor of 685274?
True
Is 182 a factor of 801368?
False
Does 39 divide 379392?
True
Is 223 a factor of 2500945?
True
Does 8 divide 242608?
True
Does 35 divide 18643747?
False
Is 342798 a multiple of 35?
False
Does 525 divide 14587811?
False
Is 786755 a multiple of 233?
False
Does 303 divide 480694?
False
Is 39886 a multiple of 32?
False
Is 481850 a multiple of 23?
True
Is 3 a factor of 38055?
True
Is 243013 a multiple of 11?
False
Is 696426 a multiple of 41?
True
Does 15 divide 629981?
False
Is 34 a factor of 354624?
False
Does 268 divide 14262692?
True
Does 692 divide 833493?
False
Does 5 divide 3109?
False
Is 200 a factor of 164800?
True
Does 166 divide 65127?
False
Is 4014250 a multiple of 276?
False
Is 14508011 a multiple of 533?
False
Is 49755 a multiple of 31?
True
Does 225 divide 970432?
False
Is 220930 a multiple of 10?
True
Is 1101530 a multiple of 5?
True
Does 35 divide 5125645?
True
Is 245 a factor of 16630747?
False
Is 70 a factor of 267677?
False
Is 86 a factor of 938474?
False
Does 1388 divide 8163489?
False
Is 29 a factor of 145215?
False
Is 3095050 a multiple of 14?
True
Is 69 a factor of 180682?
False
Does 208 divide 9170720?
True
Is 258 a factor of 1069990?
False
Does 21 divide 8620124?
False
Is 92 a factor of 6630256?
True
Is 1534980 a multiple of 273?
False
Does 284 divide 1116080?
False
Is 115 a factor of 1803783?
False
Is 16482 a multiple of 67?
True
Is 257 a factor of 821868?
False
Is 14021901 a multiple of 1929?
True
Is 8 a factor of 123264?
True
Does 179 divide 1589433?
False
Is 235 a factor of 594080?
True
Is 81 a factor of 1308815?
False
Is 21 a factor of 12901?
False
Does 78 divide 2422086?
False
Does 309 divide 215590?
False
Does 20 divide 69920?
True
Is 1246728 a multiple of 164?
True
Is 1310736 a multiple of 47?
True
Does 48 divide 567250?
False
Is 31 a factor of 205206?
False
Is 959 a factor of 195636?
True
Is 76407 a multiple of 208?
False
Is 189 a factor of 340956?
True
Is 23 a factor of 332948?
True
Is 501 a factor of 4608209?
False
Is 218 a factor of 142136?
True
Is 86700 a multiple of 2?
True
Is 830280 a multiple of 185?
True
Is 972825 a multiple of 182?
False
Is 609364 a multiple of 26?
False
Is 12166056 a multiple of 717?
True
Is 12 a factor of 35428?
False
Is 19736 a multiple of 55?
False
Does 443 divide 2422919?
False
Is 1024627 a multiple of 69?
False
Is 135 a factor of 112643?
False
Is 4369220 a multiple of 15?
False
Is 342021 a multiple of 10?
False
Does 85 divide 3491120?
True
Is 16930228 a multiple of 28?
True
Is 40 a factor of 163789?
False
Is 28 a factor of 70336?
True
Is 163162 a multiple of 46?
True
Is 22 a factor of 4358552?
True
Is 161 a factor of 250355?
True
Is 22 a factor of 499048?
True
Does 359 divide 931593?
False
Does 273 divide 546?
True
Is 14 a factor of 80668?
True
Is 539340 a multiple of 4?
True
Is 331411 a multiple of 181?
True
Does 18 divide 279450?
True
Is 2182439 even?
False
Is 425 a factor of 18027159?
False
Does 14 divide 500279?
False
Is 792210 a multiple of 17?
False
Does 377 divide 364588?
False
Is 39572 a multiple of 26?
True
Is 346002 a multiple of 1048?
False
Does 6 divide 587444?
False
Is 434 a factor of 291147?
False
Is 1704078 a multiple of 603?
True
Is 354468 a multiple of 218?
True
Is 6 a factor of 486006?
True
Is 9130715 a multiple of 80?
False
Is 7 a factor of 119623?
True
Is 11016862 a multiple of 15?
False
Is 1195073 a multiple of 117?
False
Is 133 a factor of 67794?
False
Is 16 a factor of 2910987?
False
Does 3 divide 3403500?
True
Does 223 divide 21786431?
True
Does 162 divide 20217114?
True
Is 15 a factor of 6977790?
True
Is 263 a factor of 281794?
False
Does 86 divide 804874?
True
Does 13 divide 988632?
False
Is 650263 a multiple of 20?
False
Is 215 a factor of 2516357?
False
Is 284669 a multiple of 77?
True
Does 41 divide 41697?
True
Does 15 divide 664155?
True
Is 4608420 a multiple of 35?
False
Is 675067 a multiple of 13?
False
Does 23 divide 131079?
False
Does 56 divide 3877216?
True
Does 165 divide 403070?
False
Does 74 divide 5640187?
False
Does 37 divide 1762199?
True
Is 28 a factor of 63952?
True
Does 47 divide 182231?
False
Is 83 a factor of 8315604?
True
Is 18 a factor of 7327292?
False
Is 1358452 a multiple of 45?
False
Does 681 divide 9207801?
True
Is 5973396 even?
True
Is 386532 a multiple of 53?
False
Is 146 a factor of 1160923?
False
Is 135763 a multiple of 39?
False
Is 102 a factor of 80959?
False
Is 1946063 a multiple of 123?
False
Does 396 divide 94714?
False
Is 2795822 a multiple of 43?
False
Is 10 a factor of 140170?
True
Is 3275200 a multiple of 920?
True
Is 15 a factor of 783509?
False
Is 53088 a multiple of 57?
False
Does 370 divide 4567578?
False
Does 17 divide 57189?
False
Is 56 a factor of 9921912?
True
Is 85 a factor of 38355?
False
Is 126763 a multiple of 158?
False
Does 92 divide 1269140?
True
Is 332628 a multiple of 15?
False
Is 15 a factor of 244268?
False
Is 65 a factor of 1793025?
True
Is 9972 a multiple of 18?
True
Is 19 a factor of 6513?
False
Is 592 a factor of 8450208?
True
Is 157168 a multiple of 94?
True
Is 29 a factor of 2441331?
False
Does 25 divide 405675?
True
Is 14 a factor of 254391?
False
Does 27 divide 13870?
False
Is 14 a factor of 37049?
False
Does 206 divide 1384181?
False
Is 4351453 a multiple of 14?
False
Does 259 divide 2431751?
True
Does 305 divide 226005?
True
Does 1308 divide 38948482?
False
Does 303 divide 3160935?
False
Does 48 divide 11264496?
True
Does 101 divide 533515?
False
Is 5341332 a multiple of 9?
False
Does 14 divide 82563?
False
Does 34 divide 2212788?
True
Is 4928 a multiple of 44?
True
Does 2 divide 1329768?
True
Is 9 a factor of 205587?
True
Is 1301752 a multiple of 35?
False
Is 21 a factor of 3384402?
True
Does 27 divide 1408104?
True
Is 124 a factor of 1677224?
True
Is 155 a factor of 146940?
True
Does 76 divide 27350?
False
Does 81 divide 5570590?
False
Is 4025 a multiple of 5?
True
Does 17 divide 8010043?
True
Is 200657 a multiple of 25?
False
Is 962568 a multiple of 116?
True
Is 34 a factor of 14350236?
False
Does 637 divide 5515146?
True
Is 275 a factor of 177100?
True
Is 25 a factor of 60397?
False
Is 6 a factor of 501435?
False
Is 11 a factor of 34364876?
False
Is 277 a factor of 262811?
False
Does 5 divide 3995?
True
Is 16 a factor of 3804765?
False
Does 109 divide 1209993?
False
Is 170 a factor of 85633?
False
Does 134 divide 2297966?
True
Is 88276 a multiple of 58?
True
Is 178986 a multiple of 138?
True
Does 164 divide 157276?
True
Does 20 divide 1098341?
False
Is 1477055 a multiple of 68?
False
Does 208 divide 264576?
True
Is 45030 a multiple of 38?
True
Is 18 a factor of 643158?
True
Is 454501 a multiple of 99?
False
Is 1364657 a multiple of 34?
False
Does 1100 divide 9125600?
True
Is 301269 a multiple of